{"id":129,"date":"2013-05-02T21:21:23","date_gmt":"2013-05-02T20:21:23","guid":{"rendered":"http:\/\/tpm2025-natationazur.fr\/?page_id=129"},"modified":"2026-02-23T11:17:40","modified_gmt":"2026-02-23T10:17:40","slug":"debutants-enfants","status":"publish","type":"page","link":"http:\/\/tpm2025-natationazur.fr\/?page_id=129","title":{"rendered":"D\u00e9butants et perfectionnement"},"content":{"rendered":"\n<p><\/p>\n\n\n<div class=\"wp-block-image\">\n<figure class=\"alignleft\"><a href=\"http:\/\/leluc-natationazur.fr\/wp-content\/uploads\/2013\/05\/debutants-enfants.jpg\"><img loading=\"lazy\" decoding=\"async\" width=\"228\" height=\"171\" src=\"http:\/\/leluc-natationazur.fr\/wp-content\/uploads\/2013\/05\/debutants-enfants.jpg\" alt=\"debutants-enfants\" class=\"wp-image-132\"\/><\/a><\/figure><\/div>\n\n\n<p>L\u2019objectif de ces cours est de permettre \u00e0 l\u2019enfant de d\u00e9couvrir le milieu aquatique, de se familiariser avec l\u2019eau, d\u2019\u00eatre \u00e0 l\u2019aise dans l\u2019eau, de s\u2019initier aux premiers d\u00e9placements (ventral et dorsal), de d\u00e9couvrir les premi\u00e8res techniques de nage.<\/p>\n\n\n\n<p>Les s\u00e9ances sont organis\u00e9es par petits groupes (8 enfants) avec un ma\u00eetre-nageur pour permettre \u00e0 chacun d\u2019\u00e9voluer \u00e0 son rythme.<\/p>\n\n\n\n<p>La m\u00e9thode p\u00e9dagogique propos\u00e9e par l\u2019association doit permettre \u00e0 chaque enfant de d\u00e9couvrir le plaisir d\u2019\u00eatre dans l\u2019eau et sous l\u2019eau et d\u2019acqu\u00e9rir les premiers apprentissages du savoir nager utilitaire.<\/p>\n\n\n\n<p>Lorsque que le niveau de votre enfant le permet le Ma\u00eetre-Nageur lui proposera de passer un test de natation : d\u2019abord le sauv\u2019nage (1 er test de l\u2019\u00e9cole de natation Fran\u00e7aise) et ensuite des dipl\u00f4mes de distance.<\/p>\n\n\n\n<p class=\"has-white-color has-blue-background-color has-text-color has-background has-link-color wp-elements-e45a5e90f64151876d78dae892a54c99\">Pour vos enfants qui souhaitent apprendre \u00e0 nager, TPM Natation Azur propose\u00a0<strong>du 15 juin au 28 ao\u00fbt 2026 des\u00a0\u00ab\u00a0stages \u00bb d\u2019une ou plusieurs semaines (tout les lundis des tests sont r\u00e9alis\u00e9s pour constituer des groupes de niveaux).<\/strong><\/p>\n\n\n\n<p class=\"has-white-color has-blue-background-color has-text-color has-background has-link-color wp-elements-77f7a053277139cb70cd06a72ee05ba7\"><strong>Stages de 5 s\u00e9ances qui se d\u00e9roulent du lundi au vendredi tous les soirs de 17h00 \u00e0 17h45 ou de 18h00 \u00e0 18h45, r\u00e9serv\u00e9 aux enfants de 5 ans (r\u00e9volu) \u00e0 10 ans.<\/strong><\/p>\n\n\n\n<hr class=\"wp-block-separator has-css-opacity\"\/>\n\n\n\n<div class=\"wp-block-columns is-layout-flex wp-container-core-columns-is-layout-2 wp-block-columns-is-layout-flex\">\n<div class=\"wp-block-column is-layout-flow wp-block-column-is-layout-flow\" style=\"flex-basis:100%\">\n<div class=\"wp-block-columns is-layout-flex wp-container-core-columns-is-layout-1 wp-block-columns-is-layout-flex\">\n<div class=\"wp-block-column is-layout-flow wp-block-column-is-layout-flow\"><\/div>\n\n\n\n<div class=\"wp-block-column is-layout-flow wp-block-column-is-layout-flow\">\n<p class=\"has-text-align-center\"><strong>Prix par s\u00e9ance<\/strong><\/p>\n<\/div>\n\n\n\n<div class=\"wp-block-column is-layout-flow wp-block-column-is-layout-flow\">\n<p class=\"has-text-align-center\"><strong>Total<\/strong><\/p>\n<\/div>\n<\/div>\n<\/div>\n<\/div>\n\n\n\n<div class=\"wp-block-columns has-background is-layout-flex wp-container-core-columns-is-layout-3 wp-block-columns-is-layout-flex\" style=\"background-color:#d8afed\">\n<div class=\"wp-block-column is-layout-flow wp-block-column-is-layout-flow\">\n<p>1 Semaine &#8211; 5 S\u00e9ances<\/p>\n<\/div>\n\n\n\n<div class=\"wp-block-column is-layout-flow wp-block-column-is-layout-flow\">\n<p class=\"has-text-align-center\">15 \u20ac<\/p>\n<\/div>\n\n\n\n<div class=\"wp-block-column is-layout-flow wp-block-column-is-layout-flow\">\n<p class=\"has-text-align-center\">75 \u20ac<\/p>\n<\/div>\n<\/div>\n\n\n\n<div class=\"wp-block-columns has-background is-layout-flex wp-container-core-columns-is-layout-4 wp-block-columns-is-layout-flex\" style=\"background-color:#d8afed\">\n<div class=\"wp-block-column is-layout-flow wp-block-column-is-layout-flow\">\n<p>2 Semaines &#8211; 10 S\u00e9ances<\/p>\n<\/div>\n\n\n\n<div class=\"wp-block-column is-layout-flow wp-block-column-is-layout-flow\">\n<p class=\"has-text-align-center\">12 \u20ac<\/p>\n<\/div>\n\n\n\n<div class=\"wp-block-column is-layout-flow wp-block-column-is-layout-flow\">\n<p class=\"has-text-align-center\">120 \u20ac<\/p>\n<\/div>\n<\/div>\n\n\n\n<div class=\"wp-block-columns has-background is-layout-flex wp-container-core-columns-is-layout-5 wp-block-columns-is-layout-flex\" style=\"background-color:#d8afed\">\n<div class=\"wp-block-column is-layout-flow wp-block-column-is-layout-flow\">\n<p>3 Semaines &#8211; 15 S\u00e9ances<\/p>\n<\/div>\n\n\n\n<div class=\"wp-block-column is-layout-flow wp-block-column-is-layout-flow\">\n<p class=\"has-text-align-center\">10 \u20ac<\/p>\n<\/div>\n\n\n\n<div class=\"wp-block-column is-layout-flow wp-block-column-is-layout-flow\">\n<p class=\"has-text-align-center\">150 \u20ac<\/p>\n<\/div>\n<\/div>\n\n\n\n<div class=\"wp-block-columns has-background is-layout-flex wp-container-core-columns-is-layout-6 wp-block-columns-is-layout-flex\" style=\"background-color:#d8afed\">\n<div class=\"wp-block-column is-layout-flow wp-block-column-is-layout-flow\">\n<p>4 Semaines &#8211; 20 S\u00e9ances<\/p>\n<\/div>\n\n\n\n<div class=\"wp-block-column is-layout-flow wp-block-column-is-layout-flow\">\n<p class=\"has-text-align-center\">8.5 \u20ac<\/p>\n<\/div>\n\n\n\n<div class=\"wp-block-column is-layout-flow wp-block-column-is-layout-flow\">\n<p class=\"has-text-align-center\">170 \u20ac<\/p>\n<\/div>\n<\/div>\n\n\n\n<div class=\"wp-block-columns is-layout-flex wp-container-core-columns-is-layout-7 wp-block-columns-is-layout-flex\">\n<div class=\"wp-block-column is-layout-flow wp-block-column-is-layout-flow\" style=\"flex-basis:100%\"><\/div>\n<\/div>\n\n\n\n<div class=\"wp-block-columns is-layout-flex wp-container-core-columns-is-layout-8 wp-block-columns-is-layout-flex\">\n<div class=\"wp-block-column is-layout-flow wp-block-column-is-layout-flow\" style=\"flex-basis:100%\"><\/div>\n<\/div>\n\n\n\n<div class=\"wp-block-columns is-layout-flex wp-container-core-columns-is-layout-9 wp-block-columns-is-layout-flex\">\n<div class=\"wp-block-column is-layout-flow wp-block-column-is-layout-flow\" style=\"flex-basis:100%\"><\/div>\n<\/div>\n\n\n\n<p><\/p>\n","protected":false},"excerpt":{"rendered":"<p>L\u2019objectif de ces cours est de permettre \u00e0 l\u2019enfant de d\u00e9couvrir le milieu aquatique, de se familiariser avec l\u2019eau, d\u2019\u00eatre \u00e0 l\u2019aise dans l\u2019eau, de s\u2019initier aux premiers d\u00e9placements (ventral et dorsal), de d\u00e9couvrir les premi\u00e8res techniques de nage. Les &hellip; <a href=\"http:\/\/tpm2025-natationazur.fr\/?page_id=129\">Continuer la lecture <span class=\"meta-nav\">&rarr;<\/span><\/a><\/p>\n","protected":false},"author":1,"featured_media":0,"parent":0,"menu_order":0,"comment_status":"closed","ping_status":"closed","template":"sidebar-page.php","meta":{"footnotes":""},"class_list":["post-129","page","type-page","status-publish","hentry"],"_links":{"self":[{"href":"http:\/\/tpm2025-natationazur.fr\/index.php?rest_route=\/wp\/v2\/pages\/129","targetHints":{"allow":["GET"]}}],"collection":[{"href":"http:\/\/tpm2025-natationazur.fr\/index.php?rest_route=\/wp\/v2\/pages"}],"about":[{"href":"http:\/\/tpm2025-natationazur.fr\/index.php?rest_route=\/wp\/v2\/types\/page"}],"author":[{"embeddable":true,"href":"http:\/\/tpm2025-natationazur.fr\/index.php?rest_route=\/wp\/v2\/users\/1"}],"replies":[{"embeddable":true,"href":"http:\/\/tpm2025-natationazur.fr\/index.php?rest_route=%2Fwp%2Fv2%2Fcomments&post=129"}],"version-history":[{"count":72,"href":"http:\/\/tpm2025-natationazur.fr\/index.php?rest_route=\/wp\/v2\/pages\/129\/revisions"}],"predecessor-version":[{"id":832,"href":"http:\/\/tpm2025-natationazur.fr\/index.php?rest_route=\/wp\/v2\/pages\/129\/revisions\/832"}],"wp:attachment":[{"href":"http:\/\/tpm2025-natationazur.fr\/index.php?rest_route=%2Fwp%2Fv2%2Fmedia&parent=129"}],"curies":[{"name":"wp","href":"https:\/\/api.w.org\/{rel}","templated":true}]}}